der when 59 is divided by 16.
11
What is the remainder when 786 is divided by 135?
111
Calculate the remainder when 3855 is divided by 1926.
3
What is the remainder when 284 is divided by 52?
24
What is the remainder when 199 is divided by 110?
89
Calculate the remainder when 181 is divided by 145.
36
What is the remainder when 49 is divided by 4?
1
What is the remainder when 843 is divided by 418?
7
What is the remainder when 1053 is divided by 176?
173
What is the remainder when 260 is divided by 112?
36
Calculate the remainder when 447 is divided by 79.
52
What is the remainder when 360 is divided by 309?
51
What is the remainder when 5763 is divided by 74?
65
Calculate the remainder when 493 is divided by 252.
241
Calculate the remainder when 27 is divided by 14.
13
What is the remainder when 102 is divided by 86?
16
Calculate the remainder when 293 is divided by 29.
3
Calculate the remainder when 24953 is divided by 68.
65
Calculate the remainder when 279 is divided by 22.
15
What is the remainder when 56 is divided by 32?
24
What is the remainder when 12207 is divided by 222?
219
Calculate the remainder when 758 is divided by 20.
18
Calculate the remainder when 3031 is divided by 8.
7
Calculate the remainder when 1797 is divided by 10.
7
What is the remainder when 222 is divided by 157?
65
Calculate the remainder when 1329 is divided by 88.
9
What is the remainder when 898 is divided by 39?
1
Calculate the remainder when 1368 is divided by 506.
356
What is the remainder when 189 is divided by 64?
61
Calculate the remainder when 158 is divided by 40.
38
What is the remainder when 104 is divided by 67?
37
What is the remainder when 446 is divided by 6?
2
Calculate the remainder when 2981 is divided by 73.
61
What is the remainder when 249 is divided by 10?
9
What is the remainder when 65 is divided by 11?
10
What is the remainder when 1075 is divided by 154?
151
Calculate the remainder when 1434 is divided by 473.
15
Calculate the remainder when 445 is divided by 16.
13
Calculate the remainder when 130 is divided by 9.
4
What is the remainder when 978 is divided by 20?
18
Calculate the remainder when 175 is divided by 50.
25
What is the remainder when 2334 is divided by 37?
3
Calculate the remainder when 1663 is divided by 98.
95
Calculate the remainder when 737 is divided by 67.
0
What is the remainder when 14840 is divided by 12?
8
Calculate the remainder when 189 is divided by 189.
0
What is the remainder when 1219 is divided by 27?
4
What is the remainder when 1725 is divided by 72?
69
Calculate the remainder when 1793 is divided by 41.
30
Calculate the remainder when 4345 is divided by 41.
40
Calculate the remainder when 54 is divided by 28.
26
What is the remainder when 212 is divided by 9?
5
Calculate the remainder when 613 is divided by 605.
8
What is the remainder when 553 is divided by 95?
78
Calculate the remainder when 99 is divided by 22.
11
What is the remainder when 771 is divided by 21?
15
Calculate the remainder when 634 is divided by 13.
10
Calculate the remainder when 2915 is divided by 73.
68
Calculate the remainder when 1295 is divided by 589.
117
What is the remainder when 917 is divided by 115?
112
What is the remainder when 64 is divided by 51?
13
What is the remainder when 1731 is divided by 102?
99
Calculate the remainder when 138 is divided by 30.
18
What is the remainder when 659 is divided by 209?
32
Calculate the remainder when 206 is divided by 50.
6
Calculate the remainder when 117 is divided by 32.
21
Calculate the remainder when 766 is divided by 8.
6
What is the remainder when 380 is divided by 354?
26
What is the remainder when 1401 is divided by 452?
45
What is the remainder when 7770 is divided by 46?
42
What is the remainder when 9251 is divided by 28?
11
What is the remainder when 297 is divided by 5?
2
Calculate the remainder when 155 is divided by 13.
12
What is the remainder when 90 is divided by 42?
6
Calculate the remainder when 124 is divided by 56.
12
What is the remainder when 216 is divided by 199?
17
What is the remainder when 949 is divided by 38?
37
Calculate the remainder when 29 is divided by 15.
14
What is the remainder when 10 is divided by 7?
3
Calculate the remainder when 238 is divided by 5.
3
What is the remainder when 5276 is divided by 80?
76
Calculate the remainder when 141 is divided by 69.
3
Calculate the remainder when 7892 is divided by 440.
412
What is the remainder when 4833 is divided by 39?
36
Calculate the remainder when 273 is divided by 49.
28
Calculate the remainder when 755 is divided by 84.
83
What is the remainder when 185 is divided by 66?
53
What is the remainder when 1288 is divided by 212?
16
Calculate the remainder when 316 is divided by 11.
8
Calculate the remainder when 559 is divided by 115.
99
What is the remainder when 91 is divided by 28?
7
What is the remainder when 64 is divided by 7?
1
Calculate the remainder when 27938 is divided by 10.
8
What is the remainder when 1717 is divided by 10?
7
Calculate the remainder when 87 is divided by 33.
21
What is the remainder when 83 is divided by 46?
37
Calculate the remainder when 204 is divided by 188.
16
What is the remainder when 4377 is divided by 29?
27
What is the remainder when 122 is divided by 7?
3
What is the remainder when 165 is divided by 51?
12
What is the remainder when 5916 is divided by 423?
417
What is the remainder when 100 is divided by 52?
48
Calculate the remainder when 272 is divided by 190.
82
Calculate the remainder when 336 is divided by 13.
11
What is the remainder when 983 is divided by 82?
81
Calculate the remainder when 415 is divided by 105.
100
What is the remainder when 255 is divided by 70?
45
Calculate the remainder when 176 is divided by 13.
7
Calculate the remainder when 97 is divided by 19.
2
Calculate the remainder when 440 is divided by 153.
134
Calculate the remainder when 977 is divided by 157.
35
What is the remainder when 315 is divided by 20?
15
What is the remainder when 294 is divided by 8?
6
What is the remainder when 446 is divided by 275?
171
What is the remainder when 137 is divided by 40?
17
What is the remainder when 719 is divided by 16?
15
What is the remainder when 1724 is divided by 256?
188
Calculate the remainder when 48 is divided by 37.
11
What is the remainder when 6126 is divided by 256?
238
Calculate the remainder when 365 is divided by 7.
1
What is the remainder when 3233 is divided by 21?
20
Calculate the remainder when 126 is divided by 70.
56
What is the remainder when 95 is divided by 11?
7
Calculate the remainder when 2477 is divided by 31.
28
What is the remainder when 3395 is divided by 12?
11
What is the remainder when 465 is divided by 27?
6
Calculate the remainder when 14813 is divided by 390.
383
Calculate the remainder when 2751 is divided by 81.
78
Calculate the remainder when 97 is divided by 17.
12
Calculate the remainder when 14 is divided by 4.
2
Calculate the remainder when 79 is divided by 22.
13
What is the remainder when 117 is divided by 17?
15
Calculate the remainder when 1019 is divided by 249.
23
What is the remainder when 2792 is divided by 21?
20
Calculate the remainder when 405 is divided by 103.
96
Calculate the remainder when 277 is divided by 54.
7
Calculate the remainder when 188 is divided by 73.
42
Calculate the remainder when 127 is divided by 70.
57
Calculate the remainder when 601 is divided by 269.
63
Calculate the remainder when 773 is divided by 18.
17
Calculate the remainder when 29 is divided by 14.
1
What is the remainder when 687 is divided by 53?
51
Calculate the remainder when 618 is divided by 68.
6
What is the remainder when 1247 is divided by 26?
25
What is the remainder when 298 is divided by 285?
13
Calculate the remainder when 962 is divided by 285.
107
What is the remainder when 407 is divided by 70?
57
What is the remainder when 593 is divided by 47?
29
Calculate the remainder when 756 is divided by 19.
15
Calculate the remainder when 1002 is divided by 196.
22
Calculate the remainder when 130 is divided by 11.
9
What is the remainder when 107 is divided by 11?
8
What is the remainder when 176 is divided by 56?
8
Calculate the remainder when 115 is divided by 65.
50
What is the remainder